{"version":"1.0","provider_name":"nouveaumobilit\u00e9.actualit\u00e9s","provider_url":"https:\/\/newmobility.news\/fr","author_name":"Tony Verhelle","author_url":"https:\/\/newmobility.news\/fr\/author\/toverbel\/","title":"Renault and Geely to cooperate also in Brazil - newmobility.news","type":"rich","width":600,"height":338,"html":"<blockquote class=\"wp-embedded-content\" data-secret=\"ACy7O0uQD0\"><a href=\"https:\/\/newmobility.news\/fr\/2025\/02\/19\/renault-and-geely-to-cooperate-also-in-brazil\/\">Renault et Geely vont \u00e9galement coop\u00e9rer au Br\u00e9sil<\/a><\/blockquote><iframe sandbox=\"allow-scripts\" security=\"restricted\" src=\"https:\/\/newmobility.news\/fr\/2025\/02\/19\/renault-and-geely-to-cooperate-also-in-brazil\/embed\/#?secret=ACy7O0uQD0\" width=\"600\" height=\"338\" title=\"\u00ab Renault et Geely vont coop\u00e9rer \u00e9galement au Br\u00e9sil \u00bb - newmobility.news\" data-secret=\"ACy7O0uQD0\" frameborder=\"0\" marginwidth=\"0\" marginheight=\"0\" scrolling=\"no\" class=\"wp-embedded-content\"><\/iframe><script>\n\/*! This file is auto-generated *\/\n!function(d,l){\"use strict\";l.querySelector&&d.addEventListener&&\"undefined\"!=typeof URL&&(d.wp=d.wp||{},d.wp.receiveEmbedMessage||(d.wp.receiveEmbedMessage=function(e){var t=e.data;if((t||t.secret||t.message||t.value)&&!\/[^a-zA-Z0-9]\/.test(t.secret)){for(var s,r,n,a=l.querySelectorAll('iframe[data-secret=\"'+t.secret+'\"]'),o=l.querySelectorAll('blockquote[data-secret=\"'+t.secret+'\"]'),c=new RegExp(\"^https?:$\",\"i\"),i=0;i<o.length;i++)o[i].style.display=\"none\";for(i=0;i<a.length;i++)s=a[i],e.source===s.contentWindow&&(s.removeAttribute(\"style\"),\"height\"===t.message?(1e3<(r=parseInt(t.value,10))?r=1e3:~~r<200&&(r=200),s.height=r):\"link\"===t.message&&(r=new URL(s.getAttribute(\"src\")),n=new URL(t.value),c.test(n.protocol))&&n.host===r.host&&l.activeElement===s&&(d.top.location.href=t.value))}},d.addEventListener(\"message\",d.wp.receiveEmbedMessage,!1),l.addEventListener(\"DOMContentLoaded\",function(){for(var e,t,s=l.querySelectorAll(\"iframe.wp-embedded-content\"),r=0;r<s.length;r++)(t=(e=s[r]).getAttribute(\"data-secret\"))||(t=Math.random().toString(36).substring(2,12),e.src+=\"#?secret=\"+t,e.setAttribute(\"data-secret\",t)),e.contentWindow.postMessage({message:\"ready\",secret:t},\"*\")},!1)))}(window,document);\n\/\/# sourceURL=https:\/\/newmobility.news\/wp-includes\/js\/wp-embed.min.js\n<\/script>","thumbnail_url":"https:\/\/newmobility.news\/wp-content\/uploads\/2025\/02\/Schermafbeelding-2025-02-19-om-08.28.41-1024x575.png","thumbnail_width":1024,"thumbnail_height":575,"description":"The Renault Group and Geely Holding are joining forces to produce and sell zero- and low-emission vehicles in Brazil. Geely intends to acquire a stake in Renault do Brasil and, in return, will benefit from Renault&#8217;s local production, sales, and service resources. Both parties have agreed in a framework agreement that Geely Holding will become [&hellip;]"}

nouveaumobilité.actualités

<blockquote class="wp-embedded-content" data-secret="ACy7O0uQD0"><a href="https://newmobility.news/fr/2025/02/19/renault-and-geely-to-cooperate-also-in-brazil/">Renault et Geely vont également coopérer au Brésil</a></blockquote><iframe sandbox="allow-scripts" security="restricted" src="https://newmobility.news/fr/2025/02/19/renault-and-geely-to-cooperate-also-in-brazil/embed/#?secret=ACy7O0uQD0" width="600" height="338" title="« Renault et Geely vont coopérer également au Brésil » - newmobility.news" data-secret="ACy7O0uQD0" frameborder="0" marginwidth="0" marginheight="0" scrolling="no" class="wp-embedded-content"></iframe><script>
/*! This file is auto-generated */
!function(d,l){"use strict";l.querySelector&&d.addEventListener&&"undefined"!=typeof URL&&(d.wp=d.wp||{},d.wp.receiveEmbedMessage||(d.wp.receiveEmbedMessage=function(e){var t=e.data;if((t||t.secret||t.message||t.value)&&!/[^a-zA-Z0-9]/.test(t.secret)){for(var s,r,n,a=l.querySelectorAll('iframe[data-secret="'+t.secret+'"]'),o=l.querySelectorAll('blockquote[data-secret="'+t.secret+'"]'),c=new RegExp("^https?:$","i"),i=0;i<o.length;i++)o[i].style.display="none";for(i=0;i<a.length;i++)s=a[i],e.source===s.contentWindow&&(s.removeAttribute("style"),"height"===t.message?(1e3<(r=parseInt(t.value,10))?r=1e3:~~r<200&&(r=200),s.height=r):"link"===t.message&&(r=new URL(s.getAttribute("src")),n=new URL(t.value),c.test(n.protocol))&&n.host===r.host&&l.activeElement===s&&(d.top.location.href=t.value))}},d.addEventListener("message",d.wp.receiveEmbedMessage,!1),l.addEventListener("DOMContentLoaded",function(){for(var e,t,s=l.querySelectorAll("iframe.wp-embedded-content"),r=0;r<s.length;r++)(t=(e=s[r]).getAttribute("data-secret"))||(t=Math.random().toString(36).substring(2,12),e.src+="#?secret="+t,e.setAttribute("data-secret",t)),e.contentWindow.postMessage({message:"ready",secret:t},"*")},!1)))}(window,document);
//# sourceURL=https://newmobility.news/wp-includes/js/wp-embed.min.js
</script>
