{"version":"1.0","provider_name":"nouveaumobilit\u00e9.actualit\u00e9s","provider_url":"https:\/\/newmobility.news\/fr","author_name":"Luc Joris","author_url":"https:\/\/newmobility.news\/fr\/author\/belga-5\/","title":"First Brussels pedestrian zone celebrates 10 years - newmobility.news","type":"rich","width":600,"height":338,"html":"<blockquote class=\"wp-embedded-content\" data-secret=\"8htMGYn3gi\"><a href=\"https:\/\/newmobility.news\/fr\/2025\/06\/30\/first-brussels-pedestrian-zone-celebrates-10-years\/\">La premi\u00e8re zone pi\u00e9tonne de Bruxelles f\u00eate ses 10 ans<\/a><\/blockquote><iframe sandbox=\"allow-scripts\" security=\"restricted\" src=\"https:\/\/newmobility.news\/fr\/2025\/06\/30\/first-brussels-pedestrian-zone-celebrates-10-years\/embed\/#?secret=8htMGYn3gi\" width=\"600\" height=\"338\" title=\"\u00ab La premi\u00e8re zone pi\u00e9tonne de Bruxelles f\u00eate ses 10 ans \u00bb - newmobility.news\" data-secret=\"8htMGYn3gi\" frameborder=\"0\" marginwidth=\"0\" marginheight=\"0\" scrolling=\"no\" class=\"wp-embedded-content\"><\/iframe><script>\n\/*! This file is auto-generated *\/\n!function(d,l){\"use strict\";l.querySelector&&d.addEventListener&&\"undefined\"!=typeof URL&&(d.wp=d.wp||{},d.wp.receiveEmbedMessage||(d.wp.receiveEmbedMessage=function(e){var t=e.data;if((t||t.secret||t.message||t.value)&&!\/[^a-zA-Z0-9]\/.test(t.secret)){for(var s,r,n,a=l.querySelectorAll('iframe[data-secret=\"'+t.secret+'\"]'),o=l.querySelectorAll('blockquote[data-secret=\"'+t.secret+'\"]'),c=new RegExp(\"^https?:$\",\"i\"),i=0;i<o.length;i++)o[i].style.display=\"none\";for(i=0;i<a.length;i++)s=a[i],e.source===s.contentWindow&&(s.removeAttribute(\"style\"),\"height\"===t.message?(1e3<(r=parseInt(t.value,10))?r=1e3:~~r<200&&(r=200),s.height=r):\"link\"===t.message&&(r=new URL(s.getAttribute(\"src\")),n=new URL(t.value),c.test(n.protocol))&&n.host===r.host&&l.activeElement===s&&(d.top.location.href=t.value))}},d.addEventListener(\"message\",d.wp.receiveEmbedMessage,!1),l.addEventListener(\"DOMContentLoaded\",function(){for(var e,t,s=l.querySelectorAll(\"iframe.wp-embedded-content\"),r=0;r<s.length;r++)(t=(e=s[r]).getAttribute(\"data-secret\"))||(t=Math.random().toString(36).substring(2,12),e.src+=\"#?secret=\"+t,e.setAttribute(\"data-secret\",t)),e.contentWindow.postMessage({message:\"ready\",secret:t},\"*\")},!1)))}(window,document);\n\/\/# sourceURL=https:\/\/newmobility.news\/wp-includes\/js\/wp-embed.min.js\n<\/script>","thumbnail_url":"https:\/\/newmobility.news\/wp-content\/uploads\/2025\/06\/475206443_1019231660234243_4388691082357534775_n-1024x683.png","thumbnail_width":1024,"thumbnail_height":683,"description":"The pedestrian zone in the center of Brussels, between Place Fontainas and Boulevard Adolphe Max, has been in place for ten years since Sunday. The zone has since become one of the busiest in the capital, but it has also been criticized for being too focused on tourists and events, rather than on residents. Additionally, [&hellip;]"}

nouveaumobilité.actualités

<blockquote class="wp-embedded-content" data-secret="8htMGYn3gi"><a href="https://newmobility.news/fr/2025/06/30/first-brussels-pedestrian-zone-celebrates-10-years/">La première zone piétonne de Bruxelles fête ses 10 ans</a></blockquote><iframe sandbox="allow-scripts" security="restricted" src="https://newmobility.news/fr/2025/06/30/first-brussels-pedestrian-zone-celebrates-10-years/embed/#?secret=8htMGYn3gi" width="600" height="338" title="« La première zone piétonne de Bruxelles fête ses 10 ans » - newmobility.news" data-secret="8htMGYn3gi" frameborder="0" marginwidth="0" marginheight="0" scrolling="no" class="wp-embedded-content"></iframe><script>
/*! This file is auto-generated */
!function(d,l){"use strict";l.querySelector&&d.addEventListener&&"undefined"!=typeof URL&&(d.wp=d.wp||{},d.wp.receiveEmbedMessage||(d.wp.receiveEmbedMessage=function(e){var t=e.data;if((t||t.secret||t.message||t.value)&&!/[^a-zA-Z0-9]/.test(t.secret)){for(var s,r,n,a=l.querySelectorAll('iframe[data-secret="'+t.secret+'"]'),o=l.querySelectorAll('blockquote[data-secret="'+t.secret+'"]'),c=new RegExp("^https?:$","i"),i=0;i<o.length;i++)o[i].style.display="none";for(i=0;i<a.length;i++)s=a[i],e.source===s.contentWindow&&(s.removeAttribute("style"),"height"===t.message?(1e3<(r=parseInt(t.value,10))?r=1e3:~~r<200&&(r=200),s.height=r):"link"===t.message&&(r=new URL(s.getAttribute("src")),n=new URL(t.value),c.test(n.protocol))&&n.host===r.host&&l.activeElement===s&&(d.top.location.href=t.value))}},d.addEventListener("message",d.wp.receiveEmbedMessage,!1),l.addEventListener("DOMContentLoaded",function(){for(var e,t,s=l.querySelectorAll("iframe.wp-embedded-content"),r=0;r<s.length;r++)(t=(e=s[r]).getAttribute("data-secret"))||(t=Math.random().toString(36).substring(2,12),e.src+="#?secret="+t,e.setAttribute("data-secret",t)),e.contentWindow.postMessage({message:"ready",secret:t},"*")},!1)))}(window,document);
//# sourceURL=https://newmobility.news/wp-includes/js/wp-embed.min.js
</script>
