{"version":"1.0","provider_name":"nouveaumobilit\u00e9.actualit\u00e9s","provider_url":"https:\/\/newmobility.news\/fr","author_name":"Luc Joris","author_url":"https:\/\/newmobility.news\/fr\/author\/belga-5\/","title":"Uproar over De Lijn cost cuts - newmobility.news","type":"rich","width":600,"height":338,"html":"<blockquote class=\"wp-embedded-content\" data-secret=\"WpVUBPS7tc\"><a href=\"https:\/\/newmobility.news\/fr\/2026\/04\/27\/uproar-over-de-lijn-cost-cuts\/\">Le toll\u00e9 suscit\u00e9 par la r\u00e9duction des co\u00fbts chez De Lijn<\/a><\/blockquote><iframe sandbox=\"allow-scripts\" security=\"restricted\" src=\"https:\/\/newmobility.news\/fr\/2026\/04\/27\/uproar-over-de-lijn-cost-cuts\/embed\/#?secret=WpVUBPS7tc\" width=\"600\" height=\"338\" title=\"\u00ab Le toll\u00e9 autour de la r\u00e9duction des co\u00fbts de De Lijn \u00bb - newmobility.news\" data-secret=\"WpVUBPS7tc\" frameborder=\"0\" marginwidth=\"0\" marginheight=\"0\" scrolling=\"no\" class=\"wp-embedded-content\"><\/iframe><script>\n\/*! This file is auto-generated *\/\n!function(d,l){\"use strict\";l.querySelector&&d.addEventListener&&\"undefined\"!=typeof URL&&(d.wp=d.wp||{},d.wp.receiveEmbedMessage||(d.wp.receiveEmbedMessage=function(e){var t=e.data;if((t||t.secret||t.message||t.value)&&!\/[^a-zA-Z0-9]\/.test(t.secret)){for(var s,r,n,a=l.querySelectorAll('iframe[data-secret=\"'+t.secret+'\"]'),o=l.querySelectorAll('blockquote[data-secret=\"'+t.secret+'\"]'),c=new RegExp(\"^https?:$\",\"i\"),i=0;i<o.length;i++)o[i].style.display=\"none\";for(i=0;i<a.length;i++)s=a[i],e.source===s.contentWindow&&(s.removeAttribute(\"style\"),\"height\"===t.message?(1e3<(r=parseInt(t.value,10))?r=1e3:~~r<200&&(r=200),s.height=r):\"link\"===t.message&&(r=new URL(s.getAttribute(\"src\")),n=new URL(t.value),c.test(n.protocol))&&n.host===r.host&&l.activeElement===s&&(d.top.location.href=t.value))}},d.addEventListener(\"message\",d.wp.receiveEmbedMessage,!1),l.addEventListener(\"DOMContentLoaded\",function(){for(var e,t,s=l.querySelectorAll(\"iframe.wp-embedded-content\"),r=0;r<s.length;r++)(t=(e=s[r]).getAttribute(\"data-secret\"))||(t=Math.random().toString(36).substring(2,12),e.src+=\"#?secret=\"+t,e.setAttribute(\"data-secret\",t)),e.contentWindow.postMessage({message:\"ready\",secret:t},\"*\")},!1)))}(window,document);\n\/\/# sourceURL=https:\/\/newmobility.news\/wp-includes\/js\/wp-embed.min.js\n<\/script>","thumbnail_url":"https:\/\/newmobility.news\/wp-content\/uploads\/2026\/04\/88d3476svh.png","thumbnail_width":1280,"thumbnail_height":853,"description":"It has long been known that the Flemish public transportation company De Lijn is in cost-cutting mode &#8211; the Flemish government imposed a 44 million-euro cost-cutting measure on De Lijn, specifically on the 15 transportation regions. De Lijn has now announced that on July 1 it will implement changes to approximately one in three lines [&hellip;]"}

nouveaumobilité.actualités

<blockquote class="wp-embedded-content" data-secret="WpVUBPS7tc"><a href="https://newmobility.news/fr/2026/04/27/uproar-over-de-lijn-cost-cuts/">Le tollé suscité par la réduction des coûts chez De Lijn</a></blockquote><iframe sandbox="allow-scripts" security="restricted" src="https://newmobility.news/fr/2026/04/27/uproar-over-de-lijn-cost-cuts/embed/#?secret=WpVUBPS7tc" width="600" height="338" title="« Le tollé autour de la réduction des coûts de De Lijn » - newmobility.news" data-secret="WpVUBPS7tc" frameborder="0" marginwidth="0" marginheight="0" scrolling="no" class="wp-embedded-content"></iframe><script>
/*! This file is auto-generated */
!function(d,l){"use strict";l.querySelector&&d.addEventListener&&"undefined"!=typeof URL&&(d.wp=d.wp||{},d.wp.receiveEmbedMessage||(d.wp.receiveEmbedMessage=function(e){var t=e.data;if((t||t.secret||t.message||t.value)&&!/[^a-zA-Z0-9]/.test(t.secret)){for(var s,r,n,a=l.querySelectorAll('iframe[data-secret="'+t.secret+'"]'),o=l.querySelectorAll('blockquote[data-secret="'+t.secret+'"]'),c=new RegExp("^https?:$","i"),i=0;i<o.length;i++)o[i].style.display="none";for(i=0;i<a.length;i++)s=a[i],e.source===s.contentWindow&&(s.removeAttribute("style"),"height"===t.message?(1e3<(r=parseInt(t.value,10))?r=1e3:~~r<200&&(r=200),s.height=r):"link"===t.message&&(r=new URL(s.getAttribute("src")),n=new URL(t.value),c.test(n.protocol))&&n.host===r.host&&l.activeElement===s&&(d.top.location.href=t.value))}},d.addEventListener("message",d.wp.receiveEmbedMessage,!1),l.addEventListener("DOMContentLoaded",function(){for(var e,t,s=l.querySelectorAll("iframe.wp-embedded-content"),r=0;r<s.length;r++)(t=(e=s[r]).getAttribute("data-secret"))||(t=Math.random().toString(36).substring(2,12),e.src+="#?secret="+t,e.setAttribute("data-secret",t)),e.contentWindow.postMessage({message:"ready",secret:t},"*")},!1)))}(window,document);
//# sourceURL=https://newmobility.news/wp-includes/js/wp-embed.min.js
</script>
